{"id":194,"date":"2019-08-06T11:17:43","date_gmt":"2019-08-06T10:17:43","guid":{"rendered":"https:\/\/monacita.com\/?page_id=194"},"modified":"2022-06-21T16:24:09","modified_gmt":"2022-06-21T15:24:09","slug":"ciudad-real","status":"publish","type":"page","link":"https:\/\/monacita.com\/?page_id=194","title":{"rendered":"Ciudad Real"},"content":{"rendered":"\t\t<div data-elementor-type=\"wp-post\" data-elementor-id=\"194\" class=\"elementor elementor-194\">\n\t\t\t\t\t\t<section class=\"elementor-section elementor-top-section elementor-element elementor-element-6c7ec22 elementor-section-boxed elementor-section-height-default elementor-section-height-default\" data-id=\"6c7ec22\" data-element_type=\"section\" data-e-type=\"section\">\n\t\t\t\t\t\t<div class=\"elementor-container elementor-column-gap-default\">\n\t\t\t\t\t<div class=\"elementor-column elementor-col-100 elementor-top-column elementor-element elementor-element-5c5329c\" data-id=\"5c5329c\" data-element_type=\"column\" data-e-type=\"column\">\n\t\t\t<div class=\"elementor-widget-wrap elementor-element-populated\">\n\t\t\t\t\t\t<div class=\"elementor-element elementor-element-810c5b7 elementor-widget elementor-widget-heading\" data-id=\"810c5b7\" data-element_type=\"widget\" data-e-type=\"widget\" data-widget_type=\"heading.default\">\n\t\t\t\t<div class=\"elementor-widget-container\">\n\t\t\t\t\t<h2 class=\"elementor-heading-title elementor-size-default\">Cabeza de Buey<\/h2>\t\t\t\t<\/div>\n\t\t\t\t<\/div>\n\t\t\t\t<div class=\"elementor-element elementor-element-8bda3de elementor-widget elementor-widget-heading\" data-id=\"8bda3de\" data-element_type=\"widget\" data-e-type=\"widget\" data-widget_type=\"heading.default\">\n\t\t\t\t<div class=\"elementor-widget-container\">\n\t\t\t\t\t<h2 class=\"elementor-heading-title elementor-size-default\">Antecedentes<\/h2>\t\t\t\t<\/div>\n\t\t\t\t<\/div>\n\t\t\t\t<div class=\"elementor-element elementor-element-7a3c849 elementor-widget elementor-widget-text-editor\" data-id=\"7a3c849\" data-element_type=\"widget\" data-e-type=\"widget\" data-widget_type=\"text-editor.default\">\n\t\t\t\t<div class=\"elementor-widget-container\">\n\t\t\t\t\t\t\t\t\t<p>Dentro del Programa de Investigaci\u00f3n Sistem\u00e1tica de Recursos Minerales se plante\u00f3 el pasado a\u00f1o 1989 la revisi\u00f3n de los trabajos realizados por la Junta de Energ\u00eda Nuclear durante los a\u00f1os 60 y 70 sobre las cuarcitas rutil\u00edferas y circon\u00edferas de Despe\u00f1aperros (Santa Elena). Esta iniciativa se apoy\u00f3 en tres razones que fueron consideradas v\u00e1lidas.<\/p><p>a) Los mercados de titanio y circonio est\u00e1n en demanda desde hace a\u00f1os y las previsiones no cambian la tendencia alcista. La Comunidad Europea no tiene producci\u00f3n y s\u00ed un alto consumo para sus industrias transformadoras. Las tierras raras inclu\u00eddas en las<br \/>monacitas (tercera mena de estas cuarcitas) a\u00f1aden valor a su explotaci\u00f3n.<\/p><p>b) Las tecnolog\u00edas de molturaci\u00f3n, prefragilizaci\u00f3n y separaci\u00f3n gravim\u00e9trica y por flotaci\u00f3n de finos han evolucionado.<\/p><p>c) Todos los estudios realizados hasta ahora, lo han sido utilizando como mena una capa de cuarcita de Santa Elena extraordinariamente dura y silicificada. En el desarrollo de trabajos de otro proyecto SISTEMINER (Reserva de Sb de \u00abAlmuradiel\u00bb) se puso de manifiesto que otros niveles muy inferiores al citado en la escala geol\u00f3gica y encajados en la formaci\u00f3n denominada \u00abAlternancias de Pochico\u00bb eran<br \/>portadores de valores similares de rutilo, circ\u00f3n y monacitas y podr\u00edan ser econ\u00f3micamente m\u00e1s tratables por no presentar silicificaci\u00f3n.<\/p><p>La importancia del descubrimiento de estas nuevas monacitas de europio, as\u00ed como el extraordinario inter\u00e9s de los resultados obtenidos en los trabajos realizados este a\u00f1o 1990, han aconsejado separar el proyecto de la Reserva de Cabeza de Buey en dos fases. La primera tiene como objetivo la investigaci\u00f3n de las metareniscas de Rutilo y Circ\u00f3n, primero y \u00fanico de los objetivos planteados el pasado a\u00f1o, y la segunda se refiere a los trabajos de investigaci\u00f3n de la monacita de europio o monacita gris.<\/p>\t\t\t\t\t\t\t\t<\/div>\n\t\t\t\t<\/div>\n\t\t\t\t<div class=\"elementor-element elementor-element-b1da87c elementor-widget elementor-widget-heading\" data-id=\"b1da87c\" data-element_type=\"widget\" data-e-type=\"widget\" data-widget_type=\"heading.default\">\n\t\t\t\t<div class=\"elementor-widget-container\">\n\t\t\t\t\t<h2 class=\"elementor-heading-title elementor-size-default\">Conclusiones<\/h2>\t\t\t\t<\/div>\n\t\t\t\t<\/div>\n\t\t\t\t<div class=\"elementor-element elementor-element-e1daad9 elementor-widget elementor-widget-text-editor\" data-id=\"e1daad9\" data-element_type=\"widget\" data-e-type=\"widget\" data-widget_type=\"text-editor.default\">\n\t\t\t\t<div class=\"elementor-widget-container\">\n\t\t\t\t\t\t\t\t\t<p>Las conclusiones que se han ido obteniendo a lo largo de los ep\u00edgrafes de este informe y que quedar\u00e1n ya como premisas de cualquier tipo de acci\u00f3n que se planifique en el futuro, son las siguientes, por el orden mismo del informe:<\/p><p>&#8211; Del estudio geomorfol\u00f3gico-morfom\u00e9trico se diferencian en la Reserva Cabeza de Buey dos grandes \u00e1reas separadas por una discontinuidad estructural m\u00e1s o menos E-W definida por el anticlinal-Sierra de Santa Mar\u00eda-Cerro de Golondrinas-Sierra del Cambr\u00f3n, de muy diferentes caracter\u00edsticas:\u00a0<\/p><p>I. La zona Norte con grandes llanuras y aparente tranquilidad tect\u00f3nica, con amplio desarrollo de mantos detr\u00edticos sin grandes contastres de relieve es favorable para la formaci\u00f3n de grandes aureolas mec\u00e1nicas de dispersi\u00f3n de elementos pesados.<\/p><p>II. La zona Sur: de grandes contrastes de relieve y en\u00e9rgica actividad erosiva, con valles estrechos y escarpados no es favorable<\/p><p>&#8211; De la comprobaci\u00f3n de las recomendaciones de este estudio, en el que se supone que todas las pizarras negras son portadoras de monacitas, se deduce, a falta de una ratificaci\u00f3n de m\u00e1s detalle, que la posibilidad de existencia de concentraciones importantes en la zona sur es muy lejana y que en la zona norte tan solo existir\u00eda el gran aluvi\u00f3n de Cabeza de Buey, prolongando hacia el oeste hasta casi Santa Cruz de Mudela.\u00a0<\/p><p>&#8211; Efectivamente en esta \u00e1rea se pone de manifiesto una prolongaci\u00f3n del paleocauce de Cabeza de Buey hasta las cercan\u00edas de Santa Cruz de Mudela, se\u00f1al\u00e1ndose una zona de muestras ricas en superficie que sobre un total de 17 dan una ley media de 750 gr\/m3 de monacita.<\/p><p>&#8211; La investigaci\u00f3n realizada en la red hidrogr\u00e1fica y cauces en los que est\u00e1 actuando la din\u00e1mica aluvial reciente y actual, pone de manifiesto que en efecto esta din\u00e1mica est\u00e1 erosionando, y robando valores del paleoyacimiento y est\u00e1 redepositando en su camino y a favor de trampas t\u00edpicas y tanto en el cauce actual como en las terrazas pleistoc\u00e9nicas importantes bolsadas de aluviones muy enriquecidos, que tambi\u00e9n pueden ser explotados. Se determinan las \u00e1reas de cauce de terraza que podr\u00edan ser interesantes y se supone un potencial de al menos 10.000 t de monacita, que debe de ser investigada por pocillos. Hay concentraciones hasta de 19,75 kg\/m3 (J- 34) en superficie.<\/p><p>&#8211; En la evaluaci\u00f3n que se realiza del yacimiento, solo en sus vertientes norte y oeste (hasta cerca de Torrenueva) sobre una superficie de 3.125 hect\u00e1reas sobre 500 pozos con malla de 250 metros en geometr\u00eda cuadrada, realizada por cuatro m\u00e9todos diferentes (dos\u00b7 por parte de ENADIMSA y dos por parte del IMGRE) con resultados aceptables, por comparables sin diferencias excesivas, se puede considerar como media algo conservadora que los potenciales totales obtenidos son, para una ley de corte de 500 gr\/m3 , 46.500 te monacita gris.<\/p>\t\t\t\t\t\t\t\t<\/div>\n\t\t\t\t<\/div>\n\t\t\t\t<div class=\"elementor-element elementor-element-243bc3e elementor-widget elementor-widget-heading\" data-id=\"243bc3e\" data-element_type=\"widget\" data-e-type=\"widget\" data-widget_type=\"heading.default\">\n\t\t\t\t<div class=\"elementor-widget-container\">\n\t\t\t\t\t<h2 class=\"elementor-heading-title elementor-size-default\">Descargas<\/h2>\t\t\t\t<\/div>\n\t\t\t\t<\/div>\n\t\t\t\t\t<\/div>\n\t\t<\/div>\n\t\t\t\t\t<\/div>\n\t\t<\/section>\n\t\t\t\t<section class=\"elementor-section elementor-top-section elementor-element elementor-element-a49975a elementor-section-boxed elementor-section-height-default elementor-section-height-default\" data-id=\"a49975a\" data-element_type=\"section\" data-e-type=\"section\">\n\t\t\t\t\t\t<div class=\"elementor-container elementor-column-gap-default\">\n\t\t\t\t\t<div class=\"elementor-column elementor-col-25 elementor-top-column elementor-element elementor-element-adc7040\" data-id=\"adc7040\" data-element_type=\"column\" data-e-type=\"column\">\n\t\t\t<div class=\"elementor-widget-wrap\">\n\t\t\t\t\t\t\t<\/div>\n\t\t<\/div>\n\t\t\t\t<div class=\"elementor-column elementor-col-25 elementor-top-column elementor-element elementor-element-e8ac1bc\" data-id=\"e8ac1bc\" data-element_type=\"column\" data-e-type=\"column\">\n\t\t\t<div class=\"elementor-widget-wrap elementor-element-populated\">\n\t\t\t\t\t\t<div class=\"elementor-element elementor-element-807ca38 elementor-view-default elementor-position-block-start elementor-mobile-position-block-start elementor-widget elementor-widget-icon-box\" data-id=\"807ca38\" data-element_type=\"widget\" data-e-type=\"widget\" data-widget_type=\"icon-box.default\">\n\t\t\t\t<div class=\"elementor-widget-container\">\n\t\t\t\t\t\t\t<div class=\"elementor-icon-box-wrapper\">\n\n\t\t\t\t\t\t<div class=\"elementor-icon-box-icon\">\n\t\t\t\t<a href=\"https:\/\/monacita.com\/docs\/ADARO_INFORME_TRABAJOS_1990_TOMO_I.pdf\" target=\"_blank\" class=\"elementor-icon\" tabindex=\"-1\" aria-label=\"Informe de trabajos 1990 (Tomo I)\">\n\t\t\t\t<i aria-hidden=\"true\" class=\"far fa-file-pdf\"><\/i>\t\t\t\t<\/a>\n\t\t\t<\/div>\n\t\t\t\n\t\t\t\t\t\t<div class=\"elementor-icon-box-content\">\n\n\t\t\t\t\t\t\t\t\t<h3 class=\"elementor-icon-box-title\">\n\t\t\t\t\t\t<a href=\"https:\/\/monacita.com\/docs\/ADARO_INFORME_TRABAJOS_1990_TOMO_I.pdf\" target=\"_blank\" >\n\t\t\t\t\t\t\tInforme de trabajos 1990 (Tomo I)\t\t\t\t\t\t<\/a>\n\t\t\t\t\t<\/h3>\n\t\t\t\t\n\t\t\t\t\n\t\t\t<\/div>\n\t\t\t\n\t\t<\/div>\n\t\t\t\t\t\t<\/div>\n\t\t\t\t<\/div>\n\t\t\t\t\t<\/div>\n\t\t<\/div>\n\t\t\t\t<div class=\"elementor-column elementor-col-25 elementor-top-column elementor-element elementor-element-70d8e83\" data-id=\"70d8e83\" data-element_type=\"column\" data-e-type=\"column\">\n\t\t\t<div class=\"elementor-widget-wrap elementor-element-populated\">\n\t\t\t\t\t\t<div class=\"elementor-element elementor-element-75c0e90 elementor-view-default elementor-position-block-start elementor-mobile-position-block-start elementor-widget elementor-widget-icon-box\" data-id=\"75c0e90\" data-element_type=\"widget\" data-e-type=\"widget\" data-widget_type=\"icon-box.default\">\n\t\t\t\t<div class=\"elementor-widget-container\">\n\t\t\t\t\t\t\t<div class=\"elementor-icon-box-wrapper\">\n\n\t\t\t\t\t\t<div class=\"elementor-icon-box-icon\">\n\t\t\t\t<a href=\"https:\/\/monacita.com\/docs\/ADARO_INFORME_TRABAJOS%201991_TOMO_II.pdf\" target=\"_blank\" class=\"elementor-icon\" tabindex=\"-1\" aria-label=\"Informe de trabajos 1991 (Tomo II)\">\n\t\t\t\t<i aria-hidden=\"true\" class=\"far fa-file-pdf\"><\/i>\t\t\t\t<\/a>\n\t\t\t<\/div>\n\t\t\t\n\t\t\t\t\t\t<div class=\"elementor-icon-box-content\">\n\n\t\t\t\t\t\t\t\t\t<h3 class=\"elementor-icon-box-title\">\n\t\t\t\t\t\t<a href=\"https:\/\/monacita.com\/docs\/ADARO_INFORME_TRABAJOS%201991_TOMO_II.pdf\" target=\"_blank\" >\n\t\t\t\t\t\t\tInforme de trabajos 1991 (Tomo II)\t\t\t\t\t\t<\/a>\n\t\t\t\t\t<\/h3>\n\t\t\t\t\n\t\t\t\t\n\t\t\t<\/div>\n\t\t\t\n\t\t<\/div>\n\t\t\t\t\t\t<\/div>\n\t\t\t\t<\/div>\n\t\t\t\t\t<\/div>\n\t\t<\/div>\n\t\t\t\t<div class=\"elementor-column elementor-col-25 elementor-top-column elementor-element elementor-element-52df4aa\" data-id=\"52df4aa\" data-element_type=\"column\" data-e-type=\"column\">\n\t\t\t<div class=\"elementor-widget-wrap\">\n\t\t\t\t\t\t\t<\/div>\n\t\t<\/div>\n\t\t\t\t\t<\/div>\n\t\t<\/section>\n\t\t\t\t<section class=\"elementor-section elementor-top-section elementor-element elementor-element-4552fef elementor-section-boxed elementor-section-height-default elementor-section-height-default\" data-id=\"4552fef\" data-element_type=\"section\" data-e-type=\"section\">\n\t\t\t\t\t\t<div class=\"elementor-container elementor-column-gap-default\">\n\t\t\t\t\t<div class=\"elementor-column elementor-col-100 elementor-top-column elementor-element elementor-element-ce2fddb\" data-id=\"ce2fddb\" data-element_type=\"column\" data-e-type=\"column\">\n\t\t\t<div class=\"elementor-widget-wrap elementor-element-populated\">\n\t\t\t\t\t\t<div class=\"elementor-element elementor-element-5c4461a elementor-widget elementor-widget-heading\" data-id=\"5c4461a\" data-element_type=\"widget\" data-e-type=\"widget\" data-widget_type=\"heading.default\">\n\t\t\t\t<div class=\"elementor-widget-container\">\n\t\t\t\t\t<h2 class=\"elementor-heading-title elementor-size-default\">Navas de Estena<\/h2>\t\t\t\t<\/div>\n\t\t\t\t<\/div>\n\t\t\t\t<div class=\"elementor-element elementor-element-80cba62 elementor-widget elementor-widget-heading\" data-id=\"80cba62\" data-element_type=\"widget\" data-e-type=\"widget\" data-widget_type=\"heading.default\">\n\t\t\t\t<div class=\"elementor-widget-container\">\n\t\t\t\t\t<h2 class=\"elementor-heading-title elementor-size-default\">Antecedentes<\/h2>\t\t\t\t<\/div>\n\t\t\t\t<\/div>\n\t\t\t\t<div class=\"elementor-element elementor-element-edcb726 elementor-widget elementor-widget-text-editor\" data-id=\"edcb726\" data-element_type=\"widget\" data-e-type=\"widget\" data-widget_type=\"text-editor.default\">\n\t\t\t\t<div class=\"elementor-widget-container\">\n\t\t\t\t\t\t\t\t\t<p>En noviembre del a\u00f1o de 1990 el Subdirector del Instituto\u00a0de mineralog\u00eda, geoqu\u00edmica y cristaloqu\u00edmica de elementos raros (IMGRE, Mosc\u00fa, URSS) &#8211; A. A. Kremenetski en calidad de experto cient\u00edfico-t\u00e9cnico visit\u00f3 por lo invitaci\u00f3n de las firmas\u00a0ADARO y MAYASA la regi\u00f3n del curso superior del r\u00edo Estena en acompa\u00f1amiento de los ge\u00f3logos de la firma MAYASA.<\/p><p>Por los resultados de los itinerarios conjuntos realizados en diferentes lugares de la regi\u00f3n investigada fueron confeccionados los tres cortes geol\u00f3gicos esquem\u00e1ticos, adem\u00e1s tomando las 35 muestras de rocas primarias.<\/p>\t\t\t\t\t\t\t\t<\/div>\n\t\t\t\t<\/div>\n\t\t\t\t<div class=\"elementor-element elementor-element-c6b3652 elementor-widget elementor-widget-heading\" data-id=\"c6b3652\" data-element_type=\"widget\" data-e-type=\"widget\" data-widget_type=\"heading.default\">\n\t\t\t\t<div class=\"elementor-widget-container\">\n\t\t\t\t\t<h2 class=\"elementor-heading-title elementor-size-default\">Descargas<\/h2>\t\t\t\t<\/div>\n\t\t\t\t<\/div>\n\t\t\t\t\t<\/div>\n\t\t<\/div>\n\t\t\t\t\t<\/div>\n\t\t<\/section>\n\t\t\t\t<section class=\"elementor-section elementor-top-section elementor-element elementor-element-6f869e0 elementor-section-boxed elementor-section-height-default elementor-section-height-default\" data-id=\"6f869e0\" data-element_type=\"section\" data-e-type=\"section\">\n\t\t\t\t\t\t<div class=\"elementor-container elementor-column-gap-default\">\n\t\t\t\t\t<div class=\"elementor-column elementor-col-33 elementor-top-column elementor-element elementor-element-657eef4\" data-id=\"657eef4\" data-element_type=\"column\" data-e-type=\"column\">\n\t\t\t<div class=\"elementor-widget-wrap\">\n\t\t\t\t\t\t\t<\/div>\n\t\t<\/div>\n\t\t\t\t<div class=\"elementor-column elementor-col-33 elementor-top-column elementor-element elementor-element-d08ebfb\" data-id=\"d08ebfb\" data-element_type=\"column\" data-e-type=\"column\">\n\t\t\t<div class=\"elementor-widget-wrap elementor-element-populated\">\n\t\t\t\t\t\t<div class=\"elementor-element elementor-element-aa9afe3 elementor-view-default elementor-position-block-start elementor-mobile-position-block-start elementor-widget elementor-widget-icon-box\" data-id=\"aa9afe3\" data-element_type=\"widget\" data-e-type=\"widget\" data-widget_type=\"icon-box.default\">\n\t\t\t\t<div class=\"elementor-widget-container\">\n\t\t\t\t\t\t\t<div class=\"elementor-icon-box-wrapper\">\n\n\t\t\t\t\t\t<div class=\"elementor-icon-box-icon\">\n\t\t\t\t<a href=\"https:\/\/monacita.com\/docs\/INVESTIGACIONES%20NAVAS%20DE%20ESTENA.pdf\" target=\"_blank\" class=\"elementor-icon\" tabindex=\"-1\" aria-label=\"Investigaciones mineral\u00f3gicas, geoqu\u00edmicas y estructurales\">\n\t\t\t\t<i aria-hidden=\"true\" class=\"far fa-file-pdf\"><\/i>\t\t\t\t<\/a>\n\t\t\t<\/div>\n\t\t\t\n\t\t\t\t\t\t<div class=\"elementor-icon-box-content\">\n\n\t\t\t\t\t\t\t\t\t<h3 class=\"elementor-icon-box-title\">\n\t\t\t\t\t\t<a href=\"https:\/\/monacita.com\/docs\/INVESTIGACIONES%20NAVAS%20DE%20ESTENA.pdf\" target=\"_blank\" >\n\t\t\t\t\t\t\tInvestigaciones mineral\u00f3gicas, geoqu\u00edmicas y estructurales\t\t\t\t\t\t<\/a>\n\t\t\t\t\t<\/h3>\n\t\t\t\t\n\t\t\t\t\n\t\t\t<\/div>\n\t\t\t\n\t\t<\/div>\n\t\t\t\t\t\t<\/div>\n\t\t\t\t<\/div>\n\t\t\t\t\t<\/div>\n\t\t<\/div>\n\t\t\t\t<div class=\"elementor-column elementor-col-33 elementor-top-column elementor-element elementor-element-e075eda\" data-id=\"e075eda\" data-element_type=\"column\" data-e-type=\"column\">\n\t\t\t<div class=\"elementor-widget-wrap\">\n\t\t\t\t\t\t\t<\/div>\n\t\t<\/div>\n\t\t\t\t\t<\/div>\n\t\t<\/section>\n\t\t\t\t<section class=\"elementor-section elementor-top-section elementor-element elementor-element-36f7b949 elementor-section-boxed elementor-section-height-default elementor-section-height-default\" data-id=\"36f7b949\" data-element_type=\"section\" data-e-type=\"section\" data-settings=\"{&quot;background_background&quot;:&quot;classic&quot;,&quot;shape_divider_top&quot;:&quot;curve&quot;,&quot;shape_divider_top_negative&quot;:&quot;yes&quot;}\">\n\t\t\t\t\t\t\t<div class=\"elementor-background-overlay\"><\/div>\n\t\t\t\t\t\t<div class=\"elementor-shape elementor-shape-top\" aria-hidden=\"true\" data-negative=\"true\">\n\t\t\t<svg xmlns=\"http:\/\/www.w3.org\/2000\/svg\" viewBox=\"0 0 1000 100\" preserveAspectRatio=\"none\">\n\t<path class=\"elementor-shape-fill\" d=\"M500,97C126.7,96.3,0.8,19.8,0,0v100l1000,0V1C1000,19.4,873.3,97.8,500,97z\"\/>\n<\/svg>\t\t<\/div>\n\t\t\t\t\t<div class=\"elementor-container elementor-column-gap-default\">\n\t\t\t\t\t<div class=\"elementor-column elementor-col-33 elementor-top-column elementor-element elementor-element-5288f3aa\" data-id=\"5288f3aa\" data-element_type=\"column\" data-e-type=\"column\">\n\t\t\t<div class=\"elementor-widget-wrap\">\n\t\t\t\t\t\t\t<\/div>\n\t\t<\/div>\n\t\t\t\t<div class=\"elementor-column elementor-col-33 elementor-top-column elementor-element elementor-element-5c04463a\" data-id=\"5c04463a\" data-element_type=\"column\" data-e-type=\"column\">\n\t\t\t<div class=\"elementor-widget-wrap elementor-element-populated\">\n\t\t\t\t\t\t<div class=\"elementor-element elementor-element-5a3d64e6 elementor-view-default elementor-position-block-start elementor-mobile-position-block-start elementor-widget elementor-widget-icon-box\" data-id=\"5a3d64e6\" data-element_type=\"widget\" data-e-type=\"widget\" data-widget_type=\"icon-box.default\">\n\t\t\t\t<div class=\"elementor-widget-container\">\n\t\t\t\t\t\t\t<div class=\"elementor-icon-box-wrapper\">\n\n\t\t\t\t\t\t<div class=\"elementor-icon-box-icon\">\n\t\t\t\t<span  class=\"elementor-icon\">\n\t\t\t\t<i aria-hidden=\"true\" class=\"fas fa-mail-bulk\"><\/i>\t\t\t\t<\/span>\n\t\t\t<\/div>\n\t\t\t\n\t\t\t\t\t\t<div class=\"elementor-icon-box-content\">\n\n\t\t\t\t\t\t\t\t\t<h5 class=\"elementor-icon-box-title\">\n\t\t\t\t\t\t<span  >\n\t\t\t\t\t\t\tinfo@monacita.com\t\t\t\t\t\t<\/span>\n\t\t\t\t\t<\/h5>\n\t\t\t\t\n\t\t\t\t\n\t\t\t<\/div>\n\t\t\t\n\t\t<\/div>\n\t\t\t\t\t\t<\/div>\n\t\t\t\t<\/div>\n\t\t\t\t\t<\/div>\n\t\t<\/div>\n\t\t\t\t<div class=\"elementor-column elementor-col-33 elementor-top-column elementor-element elementor-element-156404e8\" data-id=\"156404e8\" data-element_type=\"column\" data-e-type=\"column\">\n\t\t\t<div class=\"elementor-widget-wrap\">\n\t\t\t\t\t\t\t<\/div>\n\t\t<\/div>\n\t\t\t\t\t<\/div>\n\t\t<\/section>\n\t\t\t\t<\/div>\n\t\t","protected":false},"excerpt":{"rendered":"<p>Cabeza de Buey Antecedentes Dentro del Programa de Investigaci\u00f3n Sistem\u00e1tica de Recursos Minerales se plante\u00f3 el pasado a\u00f1o 1989 la revisi\u00f3n de los trabajos realizados por la Junta de Energ\u00eda Nuclear durante los a\u00f1os 60 y 70 sobre las cuarcitas rutil\u00edferas y circon\u00edferas de Despe\u00f1aperros (Santa Elena). Esta iniciativa se apoy\u00f3 en tres razones que [&hellip;]<\/p>\n","protected":false},"author":1,"featured_media":0,"parent":79,"menu_order":1,"comment_status":"closed","ping_status":"closed","template":"","meta":{"footnotes":""},"class_list":["post-194","page","type-page","status-publish","hentry"],"yoast_head":"<!-- This site is optimized with the Yoast SEO plugin v27.5 - https:\/\/yoast.com\/product\/yoast-seo-wordpress\/ -->\n<title>Ciudad Real - Monacita<\/title>\n<meta name=\"robots\" content=\"index, follow, max-snippet:-1, max-image-preview:large, max-video-preview:-1\" \/>\n<link rel=\"canonical\" href=\"https:\/\/monacita.com\/?page_id=194\" \/>\n<meta property=\"og:locale\" content=\"es_ES\" \/>\n<meta property=\"og:type\" content=\"article\" \/>\n<meta property=\"og:title\" content=\"Ciudad Real - Monacita\" \/>\n<meta property=\"og:description\" content=\"Cabeza de Buey Antecedentes Dentro del Programa de Investigaci\u00f3n Sistem\u00e1tica de Recursos Minerales se plante\u00f3 el pasado a\u00f1o 1989 la revisi\u00f3n de los trabajos realizados por la Junta de Energ\u00eda Nuclear durante los a\u00f1os 60 y 70 sobre las cuarcitas rutil\u00edferas y circon\u00edferas de Despe\u00f1aperros (Santa Elena). Esta iniciativa se apoy\u00f3 en tres razones que [&hellip;]\" \/>\n<meta property=\"og:url\" content=\"https:\/\/monacita.com\/?page_id=194\" \/>\n<meta property=\"og:site_name\" content=\"Monacita\" \/>\n<meta property=\"article:modified_time\" content=\"2022-06-21T15:24:09+00:00\" \/>\n<meta name=\"twitter:card\" content=\"summary_large_image\" \/>\n<meta name=\"twitter:label1\" content=\"Tiempo de lectura\" \/>\n\t<meta name=\"twitter:data1\" content=\"4 minutos\" \/>\n<script type=\"application\/ld+json\" class=\"yoast-schema-graph\">{\"@context\":\"https:\\\/\\\/schema.org\",\"@graph\":[{\"@type\":\"WebPage\",\"@id\":\"https:\\\/\\\/monacita.com\\\/?page_id=194\",\"url\":\"https:\\\/\\\/monacita.com\\\/?page_id=194\",\"name\":\"Ciudad Real - Monacita\",\"isPartOf\":{\"@id\":\"https:\\\/\\\/monacita.com\\\/#website\"},\"datePublished\":\"2019-08-06T10:17:43+00:00\",\"dateModified\":\"2022-06-21T15:24:09+00:00\",\"breadcrumb\":{\"@id\":\"https:\\\/\\\/monacita.com\\\/?page_id=194#breadcrumb\"},\"inLanguage\":\"es\",\"potentialAction\":[{\"@type\":\"ReadAction\",\"target\":[\"https:\\\/\\\/monacita.com\\\/?page_id=194\"]}]},{\"@type\":\"BreadcrumbList\",\"@id\":\"https:\\\/\\\/monacita.com\\\/?page_id=194#breadcrumb\",\"itemListElement\":[{\"@type\":\"ListItem\",\"position\":1,\"name\":\"Portada\",\"item\":\"https:\\\/\\\/monacita.com\\\/\"},{\"@type\":\"ListItem\",\"position\":2,\"name\":\"Estudios geol\u00f3gicos TTRR\",\"item\":\"https:\\\/\\\/monacita.com\\\/?page_id=79\"},{\"@type\":\"ListItem\",\"position\":3,\"name\":\"Ciudad Real\"}]},{\"@type\":\"WebSite\",\"@id\":\"https:\\\/\\\/monacita.com\\\/#website\",\"url\":\"https:\\\/\\\/monacita.com\\\/\",\"name\":\"Monacita\",\"description\":\"Estudios geol\u00f3gicos\",\"potentialAction\":[{\"@type\":\"SearchAction\",\"target\":{\"@type\":\"EntryPoint\",\"urlTemplate\":\"https:\\\/\\\/monacita.com\\\/?s={search_term_string}\"},\"query-input\":{\"@type\":\"PropertyValueSpecification\",\"valueRequired\":true,\"valueName\":\"search_term_string\"}}],\"inLanguage\":\"es\"}]}<\/script>\n<!-- \/ Yoast SEO plugin. -->","yoast_head_json":{"title":"Ciudad Real - Monacita","robots":{"index":"index","follow":"follow","max-snippet":"max-snippet:-1","max-image-preview":"max-image-preview:large","max-video-preview":"max-video-preview:-1"},"canonical":"https:\/\/monacita.com\/?page_id=194","og_locale":"es_ES","og_type":"article","og_title":"Ciudad Real - Monacita","og_description":"Cabeza de Buey Antecedentes Dentro del Programa de Investigaci\u00f3n Sistem\u00e1tica de Recursos Minerales se plante\u00f3 el pasado a\u00f1o 1989 la revisi\u00f3n de los trabajos realizados por la Junta de Energ\u00eda Nuclear durante los a\u00f1os 60 y 70 sobre las cuarcitas rutil\u00edferas y circon\u00edferas de Despe\u00f1aperros (Santa Elena). Esta iniciativa se apoy\u00f3 en tres razones que [&hellip;]","og_url":"https:\/\/monacita.com\/?page_id=194","og_site_name":"Monacita","article_modified_time":"2022-06-21T15:24:09+00:00","twitter_card":"summary_large_image","twitter_misc":{"Tiempo de lectura":"4 minutos"},"schema":{"@context":"https:\/\/schema.org","@graph":[{"@type":"WebPage","@id":"https:\/\/monacita.com\/?page_id=194","url":"https:\/\/monacita.com\/?page_id=194","name":"Ciudad Real - Monacita","isPartOf":{"@id":"https:\/\/monacita.com\/#website"},"datePublished":"2019-08-06T10:17:43+00:00","dateModified":"2022-06-21T15:24:09+00:00","breadcrumb":{"@id":"https:\/\/monacita.com\/?page_id=194#breadcrumb"},"inLanguage":"es","potentialAction":[{"@type":"ReadAction","target":["https:\/\/monacita.com\/?page_id=194"]}]},{"@type":"BreadcrumbList","@id":"https:\/\/monacita.com\/?page_id=194#breadcrumb","itemListElement":[{"@type":"ListItem","position":1,"name":"Portada","item":"https:\/\/monacita.com\/"},{"@type":"ListItem","position":2,"name":"Estudios geol\u00f3gicos TTRR","item":"https:\/\/monacita.com\/?page_id=79"},{"@type":"ListItem","position":3,"name":"Ciudad Real"}]},{"@type":"WebSite","@id":"https:\/\/monacita.com\/#website","url":"https:\/\/monacita.com\/","name":"Monacita","description":"Estudios geol\u00f3gicos","potentialAction":[{"@type":"SearchAction","target":{"@type":"EntryPoint","urlTemplate":"https:\/\/monacita.com\/?s={search_term_string}"},"query-input":{"@type":"PropertyValueSpecification","valueRequired":true,"valueName":"search_term_string"}}],"inLanguage":"es"}]}},"_links":{"self":[{"href":"https:\/\/monacita.com\/index.php?rest_route=\/wp\/v2\/pages\/194","targetHints":{"allow":["GET"]}}],"collection":[{"href":"https:\/\/monacita.com\/index.php?rest_route=\/wp\/v2\/pages"}],"about":[{"href":"https:\/\/monacita.com\/index.php?rest_route=\/wp\/v2\/types\/page"}],"author":[{"embeddable":true,"href":"https:\/\/monacita.com\/index.php?rest_route=\/wp\/v2\/users\/1"}],"replies":[{"embeddable":true,"href":"https:\/\/monacita.com\/index.php?rest_route=%2Fwp%2Fv2%2Fcomments&post=194"}],"version-history":[{"count":14,"href":"https:\/\/monacita.com\/index.php?rest_route=\/wp\/v2\/pages\/194\/revisions"}],"predecessor-version":[{"id":560,"href":"https:\/\/monacita.com\/index.php?rest_route=\/wp\/v2\/pages\/194\/revisions\/560"}],"up":[{"embeddable":true,"href":"https:\/\/monacita.com\/index.php?rest_route=\/wp\/v2\/pages\/79"}],"wp:attachment":[{"href":"https:\/\/monacita.com\/index.php?rest_route=%2Fwp%2Fv2%2Fmedia&parent=194"}],"curies":[{"name":"wp","href":"https:\/\/api.w.org\/{rel}","templated":true}]}}